3283 and x.
67
Let a(u) = u**3 + 4*u**2 - 2*u - 6. Let z be a(-4). Let v be 10/(-25)*-5 - z. Suppose -2*k - 83 + 99 = v. What is the highest common factor of 8 and k?
8
Suppose -3*f - 168 = -4*i, 0*i - 2*f = -2*i + 86. Suppose 637 = -32*s + i*s. What is the greatest common divisor of s and 26?
13
Suppose -4*w = -2*w. Suppose 2*q + q - 99 = w. Let z be (-22*3/9)/(14*(-23)/483). What is the highest common divisor of z and q?
11
Let l be (140/(-25) + 5)*-1965. What is the highest common divisor of l and 63?
9
Let b = 53 + -59. Let h be 10/4 - (-3)/b. Suppose 3*a + 6*m - h*m = 664, -1105 = -5*a - 5*m. Calculate the greatest common factor of a and 11.
11
Let r(c) = c**2 + 2. Let k be r(0). Let x(v) = 10*v + 27 - 3*v**k + 3*v**2 - 2*v**2 - 18. Let p be x(5). What is the highest common factor of 63 and p?
9
Suppose -2*z - p = -16, -2*z - p - 4*p = 0. Suppose -z*c + 180 + 90 = 0. Calculate the greatest common factor of c and 270.
27
Let k = -609 + 778. Let f(i) = 20*i - 14. Let b be f(2). What is the greatest common divisor of b and k?
13
Suppose -2*w + 4*w = 5*f + 112, f = -4*w + 180. Let a be 21/2*w/69. Suppose -2 = z, 2*k + a*z = 2*z + 66. What is the greatest common divisor of k and 19?
19
Suppose 250*o - 430 = 249*o. Suppose 7*j - o = -31. What is the highest common factor of 399 and j?
57
Let d be (-1580)/8*(-1 - (-6)/(-10)). Calculate the highest common divisor of d and 47400.
316
Let g = -13630 + 13658. What is the greatest common factor of g and 31052?
28
Suppose 56*s + 139844 - 745092 = 0. What is the greatest common divisor of 56 and s?
56
Suppose 10*x - 87 - 213 = 0. What is the highest common divisor of 285 and x?
15
Let t be 12/(-20) + (-1736)/40. Let i = t - -272. What is the highest common divisor of i and 380?
76
Suppose 2*k + 2*k - 3*p = -1820, 0 = -p. Let m be (k/(-26))/((-2)/(-4)). Let q be 2/7 - ((-4505)/m - 3). Calculate the greatest common factor of q and 12.
12
Suppose 2*z = 2*i, 4*z + 3*i = -6 + 20. Suppose 50 - 2 = z*v. What is the greatest common factor of 68 and v?
4
Suppose -267 = 6*i + 993. Let b = i - -237. Calculate the highest common factor of b and 459.
27
Let m = 2584 - 2221. Calculate the greatest common divisor of 330 and m.
33
Suppose -3*r - 4*t + 19 = 0, -5*r + r = -5*t + 16. Suppose 6409 = -40*y + 7329. What is the highest common divisor of r and y?
1
Let u be 10*(4 + (-63)/14). Let f be (-8)/(-7 - u) + 24. Calculate the highest common factor of f and 224.
28
Let k be 110 - 103 - (-2594 - -1). What is the highest common factor of k and 208?
104
Let j(z) = -3*z**3 - 3*z**2 - 5*z - 29. Let a be j(-4). Suppose -31 = -3*b + 59. What is the highest common divisor of b and a?
15
Let t(l) = 102*l + 84. Let c be t(1). Calculate the highest common factor of c and 2046.
186
Let s = 35 - 33. Suppose 0 = 4*u - s*u - 184. Let o = u + -83. Calculate the greatest common divisor of o and 63.
9
Let o = 353 + -530. Let p = 197 + o. Calculate the greatest common factor of 260 and p.
20
Let g = 404 + -400. Suppose g*y + 13 = 73. Suppose -5*r - 5*z + 63 = -z, -60 = -3*r + 5*z. What is the greatest common divisor of y and r?
15
Suppose -147*a + 154*a = 252. What is the highest common factor of a and 762?
6
Suppose 9*g - 95 = 3*l + 52, 4*l = 4*g - 68. What is the highest common divisor of 1368 and g?
8
Let n(h) = -h**2 - 7*h + 9. Let k = 125 - 110. Let c = -21 + k. Let v be n(c). Calculate the greatest common divisor of v and 120.
15
Suppose -105 = -s - 45. Let z be 2/8 + ((-766)/(-8) - -4). Calculate the highest common divisor of s and z.
20
Suppose -4*r - 912 = -5*j, -363 - 717 = -6*j + 3*r. What is the highest common factor of 4884 and j?
44
Let a be ((-3)/6)/(3/(-2832)*2). What is the greatest common factor of a and 20414?
118
Suppose -21054 = -12*y + 10818. Calculate the greatest common factor of y and 96.
32
Let a be (3 - (-72)/(-20))*-25. Let w be 6 + 2*(123 + 9). Calculate the highest common factor of a and w.
15
Let z(f) = -f**2 - 199*f - 2048. Let u be z(-68). Calculate the greatest common factor of u and 40.
20
Let x be ((-286)/(-39) - 3)/(9141/(-2286) + 4). Calculate the greatest common factor of x and 52.
26
Suppose w - 2*b = 557, -53*w + 1109 = -51*w + b. Calculate the highest common divisor of w and 1776.
111
Let t = 260 - 145. Let a = -113 + t. Calculate the highest common divisor of a and 11.
1
Let s(v) = 66*v + 47. Let u(p) = 68*p + 47. Let d(g) = -5*s(g) + 4*u(g). Let w be d(-9). Calculate the greatest common factor of 19 and w.
19
Suppose 305*y - 254448 = 57*y. Calculate the greatest common factor of y and 2451.
57
Let q = 19138 - 19119. What is the greatest common factor of q and 7999?
19
Let b(u) = -5*u + 5*u**2 - 15 + 4*u**2 + 6*u - 4*u**2. Let n be b(3). Calculate the greatest common divisor of 693 and n.
33
Suppose 5*s - 96 = -3*m, 5*s + 0*s + 4*m = 98. Suppose -2*i + 4 = p - 1, 4*p - 8 = -4*i. Let f be 20/(-10) - 8*p. What is the highest common divisor of s and f?
6
Let c be (1 - 1/2)*0/(-4). Suppose c = -2*x - 6 + 26. Let u be 0/7 - x*-1. What is the highest common divisor of 5 and u?
5
Suppose -25*x - 36 = -27*x. Suppose 0 = -4*v + 25*v - 4347. Calculate the greatest common divisor of v and x.
9
Suppose 31 = 4*g - 7*a, 9*a - 13*a - 14 = -2*g. What is the highest common divisor of g and 143?
13
Suppose 24 + 6 = 6*s. Suppose 3*k - z + 148 = s*k, 3*k - 217 = -4*z. Calculate the greatest common divisor of k and 325.
25
Let j(i) be the first derivative of i**3/3 + 7*i**2/2 - 4*i - 10. Let g be j(-6). Let v = 32 - g. What is the greatest common factor of 28 and v?
14
Let u(x) = -341*x + 0*x**2 + x**2 + 363*x - 24. Let f be u(-26). What is the highest common factor of f and 10?
10
Let p be 1038/16 - (-10)/(77 - -3). What is the greatest common factor of 85 and p?
5
Let v = -7586 - -7666. What is the greatest common factor of 3180 and v?
20
Suppose -10*p - 252 = -6*p. Let v = p - -65. Suppose -4*j - 28 = -4*c, -2*j + 23 = v*c - j. Calculate the highest common divisor of c and 130.
10
Let l(f) = -121*f + 127. Let a be l(1). Calculate the greatest common divisor of 942 and a.
6
Suppose -4*d - v + 44 = -d, -2*d = -3*v - 44. Suppose m + 3389 - 3403 = -3*f, 34 = 2*m + 3*f. What is the highest common divisor of d and m?
4
Let c(q) = -17*q - 2. Let t be c(-1). Suppose -92 = -7*x - t. Let m = 13 + 31. What is the highest common factor of m and x?
11
Let c(v) = -v + 249. Let s be c(-70). Calculate the greatest common divisor of s and 1363.
29
Suppose 3*b + 5*b - 296 = 0. Suppose b + 663 = -14*u. Let d = 58 + u. What is the highest common factor of 2 and d?
2
Let u(j) = 31*j - 1. Let r be u(1). Suppose 0 = -t - 4 + 6. Suppose 0 = 3*c + c + q - 959, -238 = -c - t*q. Calculate the greatest common divisor of r and c.
30
Suppose 3*q - 42 = b, -15*q + 69 = -11*q + 3*b. Let z = 3177 + -1932. Calculate the highest common divisor of q and z.
15
Let w = 224 - 209. Let l be 5/((3 - -3) + -5) + w. What is the greatest common factor of 490 and l?
10
Let s = -750 + 324. Let h = 454 + s. What is the greatest common factor of h and 175?
7
Let f(b) = 2*b + 2. Suppose v - 11 = 3*g, -11 = -5*v + 5*g + 34. Let c be 16/(-6)*(-12)/v. Let x be f(c). Calculate the highest common divisor of x and 20.
10
Suppose 13420 = 170*k + 74*k. Let y = 1146 - 651. What is the highest common factor of k and y?
55
Suppose 7*f = 25*f - 13*f - 630. Calculate the greatest common factor of f and 11403.
63
Let v = 363 + -392. Let z(i) = 2*i**2 + 59*i + 45. Let d be z(v). Calculate the greatest common divisor of 36 and d.
4
Suppose -10*z - 8*z + 17140 = 1912. Calculate the greatest common divisor of z and 36.
18
Suppose -329*g - 897 + 7477 = 0. Calculate the greatest common factor of 15650 and g.
10
Suppose -3*x - 169 = -2*o - 0*x, 139 = 2*o + 3*x. Let s(f) = -254*f + 1568. Let v be s(6). What is the highest common divisor of v and o?
11
Let o = -2553 - -2782. Calculate the greatest common factor of 28625 and o.
229
Let q be -5 + 62490/195 + (-17)/((-1105)/(-30)). Suppose -34 - 666 = -5*j. Calculate the highest common divisor of q and j.
35
Suppose -2*p - 16*v + 17*v + 76 = 0, 2*p = 5*v + 92. Calculate the highest common divisor of p and 52.
4
Let l = 6346 + -6339. Calculate the greatest common factor of l and 1554.
7
Let h be (-48140)/(-34) - (274/(-17) + 71 + -